{"id":5557,"date":"2025-11-18T11:18:50","date_gmt":"2025-11-18T10:18:50","guid":{"rendered":"https:\/\/h07.de\/4web\/?page_id=5557"},"modified":"2025-11-24T14:25:53","modified_gmt":"2025-11-24T13:25:53","slug":"customizing","status":"publish","type":"page","link":"https:\/\/www.4web-automation.de\/index.php\/customizing\/","title":{"rendered":"Customizing"},"content":{"rendered":"\t\t<div data-elementor-type=\"wp-page\" data-elementor-id=\"5557\" class=\"elementor elementor-5557\">\n\t\t\t\t<div class=\"elementor-element elementor-element-7eb97d71 e-flex e-con-boxed e-con e-parent\" data-id=\"7eb97d71\" data-element_type=\"container\" data-e-type=\"container\">\n\t\t\t\t\t<div class=\"e-con-inner\">\n\t\t<div class=\"elementor-element elementor-element-68fe29b8 e-con-full e-flex e-con e-child\" data-id=\"68fe29b8\" data-element_type=\"container\" data-e-type=\"container\">\n\t\t<div class=\"elementor-element elementor-element-25c9155 e-con-full e-flex e-con e-child\" data-id=\"25c9155\" data-element_type=\"container\" data-e-type=\"container\" data-settings=\"{&quot;background_background&quot;:&quot;classic&quot;}\">\n\t\t\t\t<\/div>\n\t\t<div class=\"elementor-element elementor-element-3eed1a12 e-con-full e-flex e-con e-child\" data-id=\"3eed1a12\" data-element_type=\"container\" data-e-type=\"container\">\n\t\t\t\t<div class=\"elementor-element elementor-element-56bd7986 elementor-widget elementor-widget-heading\" data-id=\"56bd7986\" data-element_type=\"widget\" data-e-type=\"widget\" data-widget_type=\"heading.default\">\n\t\t\t\t<div class=\"elementor-widget-container\">\n\t\t\t\t\t<h2 class=\"elementor-heading-title elementor-size-default\">Was f\u00fcr ein beeindruckender 360\u00b0-Gestaltungsfreiraum ist das denn!\n<\/h2>\t\t\t\t<\/div>\n\t\t\t\t<\/div>\n\t\t\t\t<div class=\"elementor-element elementor-element-41f81fd9 elementor-widget elementor-widget-text-editor\" data-id=\"41f81fd9\" data-element_type=\"widget\" data-e-type=\"widget\" data-widget_type=\"text-editor.default\">\n\t\t\t\t<div class=\"elementor-widget-container\">\n\t\t\t\t\t\t\t\t\t<p>4WEB bietet smartes Customizing \u2013 und lebt die Produktvisionen der Kunden.<\/p><p>Ihre W\u00fcnsche zur Individualisierung setzen wir zeitnah, flexibel und kosteneffizient um \u2013 unabh\u00e4ngig von Branche oder eingesetztem Automatisierungssystem. So erhalte Sie eine ma\u00dfgeschneiderte, perfekt auf Ihre Anforderung abgestimmte L\u00f6sung.<\/p>\t\t\t\t\t\t\t\t<\/div>\n\t\t\t\t<\/div>\n\t\t\t\t<\/div>\n\t\t\t\t<\/div>\n\t\t\t\t\t<\/div>\n\t\t\t\t<\/div>\n\t\t<div class=\"elementor-element elementor-element-21498b6d e-flex e-con-boxed e-con e-parent\" data-id=\"21498b6d\" data-element_type=\"container\" data-e-type=\"container\">\n\t\t\t\t\t<div class=\"e-con-inner\">\n\t\t\t\t<div class=\"elementor-element elementor-element-5234207f elementor-widget elementor-widget-heading\" data-id=\"5234207f\" data-element_type=\"widget\" data-e-type=\"widget\" data-widget_type=\"heading.default\">\n\t\t\t\t<div class=\"elementor-widget-container\">\n\t\t\t\t\t<h2 class=\"elementor-heading-title elementor-size-default\">Full custom solution von 4WEB \u2013 vom Design nach Ihren CI-Vorgaben bis zur vollst\u00e4ndigen kundenspezifischen Hard- und Softwareentwicklung.   <\/h2>\t\t\t\t<\/div>\n\t\t\t\t<\/div>\n\t\t\t\t<div class=\"elementor-element elementor-element-749310ec elementor-widget elementor-widget-text-editor\" data-id=\"749310ec\" data-element_type=\"widget\" data-e-type=\"widget\" data-widget_type=\"text-editor.default\">\n\t\t\t\t<div class=\"elementor-widget-container\">\n\t\t\t\t\t\t\t\t\t<p>Customizing spielt in modernen Automatisierungsprozessen eine zentrale Rolle. Es erm\u00f6glicht, Hard- und Softwarel\u00f6sungen pr\u00e4zise auf die individuellen Anforderungen eines Unternehmens abzustimmen und damit weit \u00fcber die M\u00f6glichkeiten reiner Standardl\u00f6sungen hinauszugehen. W\u00e4hrend klassische Systeme oft nur eingeschr\u00e4nkte Flexibilit\u00e4t bieten, schafft gezieltes Customizing die Basis f\u00fcr effiziente, skalierbare und zukunftssichere Automatisierungsl\u00f6sungen.<\/p><p>Im Hardwarebereich umfasst Customizing beispielsweise die Auswahl spezialisierter Geh\u00e4use, Displays oder Steuerungskomponenten, die exakt nach Kundenwunsch angepasst werden. Individuell konfigurierte SPS-Systeme oder zus\u00e4tzliche Kommunikationsschnittstellen sorgen daf\u00fcr, dass Anforderungen passgenau umgesetzt und Systeme optimal in bestehende Anlagen integriert werden.<\/p><p>Auch auf der Softwareseite bietet Customizing vielf\u00e4ltige M\u00f6glichkeiten: Benutzeroberfl\u00e4chen, Datenverarbeitung oder Schnittstellen zu ERP-, MES- oder Cloud-Plattformen k\u00f6nnen individuell gestaltet und erweitert werden. Durch ma\u00dfgeschneiderte Konfigurationen lassen sich Workflows automatisieren, Fehlerquellen minimieren und die Transparenz entlang der gesamten Prozesskette erh\u00f6hen. Moderne Tools erm\u00f6glichen es zudem, selbst komplexe Abl\u00e4ufe flexibel zu parametrieren \u2013 ohne daf\u00fcr umfangreiche Neuprogrammierungen vornehmen zu m\u00fcssen.<\/p><p>Besonders wirkungsvoll wird Customizing, wenn Hard- und Software als integriertes Gesamtsystem betrachtet werden. So entstehen hochflexible Automatisierungsl\u00f6sungen, die nicht nur heute optimale Leistung erbringen, sondern sich auch m\u00fchelos an zuk\u00fcnftige Anforderungen oder steigende Produktionskapazit\u00e4ten anpassen lassen. Damit wird Customizing zu einem entscheidenden Erfolgsfaktor f\u00fcr Unternehmen, die ihre Prozesse digitalisieren und im Wettbewerb langfristig agil bleiben m\u00f6chten.<\/p><h5><strong>Sprechen Sie mit uns \u00fcber Ihre Visionen!<br \/>Wir unterst\u00fctzen Sie rund um die Themen:<\/strong><\/h5><ul><li>Geh\u00e4use \/ Mechanik<\/li><li>Software<\/li><li>Elektronik<\/li><li>Corporate Design<\/li><\/ul><h5>Gerne realisieren wir Ihre L\u00f6sung genau so, wie Sie sich diese w\u00fcnschen.<\/h5>\t\t\t\t\t\t\t\t<\/div>\n\t\t\t\t<\/div>\n\t\t\t\t\t<\/div>\n\t\t\t\t<\/div>\n\t\t<div class=\"elementor-element elementor-element-483186f e-flex e-con-boxed e-con e-parent\" data-id=\"483186f\" data-element_type=\"container\" data-e-type=\"container\">\n\t\t\t\t\t<div class=\"e-con-inner\">\n\t\t<div class=\"elementor-element elementor-element-8a13e51 e-con-full e-flex e-con e-child\" data-id=\"8a13e51\" data-element_type=\"container\" data-e-type=\"container\">\n\t\t<div class=\"elementor-element elementor-element-dd070ee e-con-full e-flex e-con e-child\" data-id=\"dd070ee\" data-element_type=\"container\" data-e-type=\"container\" data-settings=\"{&quot;background_background&quot;:&quot;classic&quot;}\">\n\t\t\t\t<div class=\"elementor-element elementor-element-741e045 elementor-widget elementor-widget-image\" data-id=\"741e045\" data-element_type=\"widget\" data-e-type=\"widget\" data-widget_type=\"image.default\">\n\t\t\t\t<div class=\"elementor-widget-container\">\n\t\t\t\t\t\t\t\t\t\t\t\t\t\t\t<img fetchpriority=\"high\" decoding=\"async\" width=\"598\" height=\"519\" src=\"https:\/\/www.4web-automation.de\/wp-content\/uploads\/2023\/07\/steuerung-digital-fertig.png\" class=\"attachment-large size-large wp-image-502\" alt=\"\" srcset=\"https:\/\/www.4web-automation.de\/wp-content\/uploads\/2023\/07\/steuerung-digital-fertig.png 598w, https:\/\/www.4web-automation.de\/wp-content\/uploads\/2023\/07\/steuerung-digital-fertig-300x260.png 300w, https:\/\/www.4web-automation.de\/wp-content\/uploads\/2023\/07\/steuerung-digital-fertig-520x452.png 520w, https:\/\/www.4web-automation.de\/wp-content\/uploads\/2023\/07\/steuerung-digital-fertig-260x226.png 260w\" sizes=\"(max-width: 598px) 100vw, 598px\" \/>\t\t\t\t\t\t\t\t\t\t\t\t\t\t\t<\/div>\n\t\t\t\t<\/div>\n\t\t\t\t<\/div>\n\t\t<div class=\"elementor-element elementor-element-da8b9b3 e-con-full e-flex e-con e-child\" data-id=\"da8b9b3\" data-element_type=\"container\" data-e-type=\"container\" data-settings=\"{&quot;background_background&quot;:&quot;classic&quot;}\">\n\t\t\t\t<div class=\"elementor-element elementor-element-dae2026 elementor-widget elementor-widget-heading\" data-id=\"dae2026\" data-element_type=\"widget\" data-e-type=\"widget\" data-widget_type=\"heading.default\">\n\t\t\t\t<div class=\"elementor-widget-container\">\n\t\t\t\t\t<h2 class=\"elementor-heading-title elementor-size-default\">Hardware-Anpassungen<\/h2>\t\t\t\t<\/div>\n\t\t\t\t<\/div>\n\t\t\t\t<div class=\"elementor-element elementor-element-f34e5f8 elementor-widget elementor-widget-text-editor\" data-id=\"f34e5f8\" data-element_type=\"widget\" data-e-type=\"widget\" data-widget_type=\"text-editor.default\">\n\t\t\t\t<div class=\"elementor-widget-container\">\n\t\t\t\t\t\t\t\t\t<p>F\u00fcr eine Anbindung eines seriellen Sensors ben\u00f6tigte unser Kunde eine RS232-Schnittstelle. Dies haben wir f\u00fcr ihn in unsere <a href=\"https:\/\/www.4web-automation.de\/index.php\/control-systems\/controlplc-arm-cortex\/\" target=\"_blank\" rel=\"noopener\"><strong>Control PLC<\/strong><\/a> DT3000024CS integriert.\u00a0<\/p><p>Dar\u00fcber hinaus bieten wir auch viele komplexere Anpassungen an.<\/p>\t\t\t\t\t\t\t\t<\/div>\n\t\t\t\t<\/div>\n\t\t\t\t<\/div>\n\t\t\t\t<\/div>\n\t\t<div class=\"elementor-element elementor-element-9999cb7 e-con-full e-flex e-con e-child\" data-id=\"9999cb7\" data-element_type=\"container\" data-e-type=\"container\">\n\t\t<div class=\"elementor-element elementor-element-dd7ccad e-con-full e-flex e-con e-child\" data-id=\"dd7ccad\" data-element_type=\"container\" data-e-type=\"container\" data-settings=\"{&quot;background_background&quot;:&quot;classic&quot;}\">\n\t\t\t\t<div class=\"elementor-element elementor-element-9fcf43b elementor-widget elementor-widget-image\" data-id=\"9fcf43b\" data-element_type=\"widget\" data-e-type=\"widget\" data-widget_type=\"image.default\">\n\t\t\t\t<div class=\"elementor-widget-container\">\n\t\t\t\t\t\t\t\t\t\t\t\t\t\t\t<img decoding=\"async\" width=\"1024\" height=\"698\" src=\"https:\/\/www.4web-automation.de\/wp-content\/uploads\/Display_front-1024x698.jpg\" class=\"attachment-large size-large wp-image-5678\" alt=\"\" srcset=\"https:\/\/www.4web-automation.de\/wp-content\/uploads\/Display_front-1024x698.jpg 1024w, https:\/\/www.4web-automation.de\/wp-content\/uploads\/Display_front-300x205.jpg 300w, https:\/\/www.4web-automation.de\/wp-content\/uploads\/Display_front-768x524.jpg 768w, https:\/\/www.4web-automation.de\/wp-content\/uploads\/Display_front.jpg 1208w\" sizes=\"(max-width: 1024px) 100vw, 1024px\" \/>\t\t\t\t\t\t\t\t\t\t\t\t\t\t\t<\/div>\n\t\t\t\t<\/div>\n\t\t\t\t<\/div>\n\t\t<div class=\"elementor-element elementor-element-08126e9 e-con-full e-flex e-con e-child\" data-id=\"08126e9\" data-element_type=\"container\" data-e-type=\"container\" data-settings=\"{&quot;background_background&quot;:&quot;classic&quot;}\">\n\t\t\t\t<div class=\"elementor-element elementor-element-8798be2 elementor-widget elementor-widget-heading\" data-id=\"8798be2\" data-element_type=\"widget\" data-e-type=\"widget\" data-widget_type=\"heading.default\">\n\t\t\t\t<div class=\"elementor-widget-container\">\n\t\t\t\t\t<h2 class=\"elementor-heading-title elementor-size-default\">Spezielle Geh\u00e4usevarianten<\/h2>\t\t\t\t<\/div>\n\t\t\t\t<\/div>\n\t\t\t\t<div class=\"elementor-element elementor-element-de580aa elementor-widget elementor-widget-text-editor\" data-id=\"de580aa\" data-element_type=\"widget\" data-e-type=\"widget\" data-widget_type=\"text-editor.default\">\n\t\t\t\t<div class=\"elementor-widget-container\">\n\t\t\t\t\t\t\t\t\t<p>F\u00fcr einen Anwendungsfall haben wir ein neues Web-Pad entwickelt. Dieses kann als Tisch- oder Handger\u00e4t genutzt werden. Zudem ist ein integrierter Not-Aus-Schalter verbaut. Andere Schalter sind optional m\u00f6glich.\u00a0<\/p>\t\t\t\t\t\t\t\t<\/div>\n\t\t\t\t<\/div>\n\t\t\t\t<\/div>\n\t\t\t\t<\/div>\n\t\t\t\t\t<\/div>\n\t\t\t\t<\/div>\n\t\t<div class=\"elementor-element elementor-element-189d3de e-flex e-con-boxed e-con e-parent\" data-id=\"189d3de\" data-element_type=\"container\" data-e-type=\"container\">\n\t\t\t\t\t<div class=\"e-con-inner\">\n\t\t<div class=\"elementor-element elementor-element-89c8d81 e-con-full e-flex e-con e-child\" data-id=\"89c8d81\" data-element_type=\"container\" data-e-type=\"container\">\n\t\t<div class=\"elementor-element elementor-element-a6594e6 e-con-full e-flex e-con e-child\" data-id=\"a6594e6\" data-element_type=\"container\" data-e-type=\"container\" data-settings=\"{&quot;background_background&quot;:&quot;classic&quot;}\">\n\t\t\t\t<div class=\"elementor-element elementor-element-9744cb7 elementor-widget elementor-widget-image\" data-id=\"9744cb7\" data-element_type=\"widget\" data-e-type=\"widget\" data-widget_type=\"image.default\">\n\t\t\t\t<div class=\"elementor-widget-container\">\n\t\t\t\t\t\t\t\t\t\t\t\t\t\t\t<img decoding=\"async\" width=\"1024\" height=\"655\" src=\"https:\/\/www.4web-automation.de\/wp-content\/uploads\/Integation_Umrichter-1024x655.jpg\" class=\"attachment-large size-large wp-image-5698\" alt=\"\" srcset=\"https:\/\/www.4web-automation.de\/wp-content\/uploads\/Integation_Umrichter-1024x655.jpg 1024w, https:\/\/www.4web-automation.de\/wp-content\/uploads\/Integation_Umrichter-300x192.jpg 300w, https:\/\/www.4web-automation.de\/wp-content\/uploads\/Integation_Umrichter-768x491.jpg 768w, https:\/\/www.4web-automation.de\/wp-content\/uploads\/Integation_Umrichter-80x50.jpg 80w, https:\/\/www.4web-automation.de\/wp-content\/uploads\/Integation_Umrichter.jpg 1176w\" sizes=\"(max-width: 1024px) 100vw, 1024px\" \/>\t\t\t\t\t\t\t\t\t\t\t\t\t\t\t<\/div>\n\t\t\t\t<\/div>\n\t\t\t\t<\/div>\n\t\t<div class=\"elementor-element elementor-element-34e2400 e-con-full e-flex e-con e-child\" data-id=\"34e2400\" data-element_type=\"container\" data-e-type=\"container\" data-settings=\"{&quot;background_background&quot;:&quot;classic&quot;}\">\n\t\t\t\t<div class=\"elementor-element elementor-element-db2e2cf elementor-widget elementor-widget-heading\" data-id=\"db2e2cf\" data-element_type=\"widget\" data-e-type=\"widget\" data-widget_type=\"heading.default\">\n\t\t\t\t<div class=\"elementor-widget-container\">\n\t\t\t\t\t<h2 class=\"elementor-heading-title elementor-size-default\">Umrichter-Integration in CODESYS SoftMotion <\/h2>\t\t\t\t<\/div>\n\t\t\t\t<\/div>\n\t\t\t\t<div class=\"elementor-element elementor-element-05e13fd elementor-widget elementor-widget-text-editor\" data-id=\"05e13fd\" data-element_type=\"widget\" data-e-type=\"widget\" data-widget_type=\"text-editor.default\">\n\t\t\t\t<div class=\"elementor-widget-container\">\n\t\t\t\t\t\t\t\t\t<p>F\u00fcr einen Anwendungsfall mit unserer <a href=\"https:\/\/www.4web-automation.de\/index.php\/control-systems\/controlplc-arm-cortex\/\" target=\"_blank\" rel=\"noopener\"><strong>Control PLC<\/strong><\/a> DT3000024CS haben wir in Verbindung mit CODESYS SoftMotion Umrichter eines renommierten Herstellers integriert. Ferner sind die Umrichter vollumf\u00e4nglich CIA402 konform integriert und k\u00f6nnen in die State-Machine der Anwendung \u00fcbernommen werden.\u00a0<\/p>\t\t\t\t\t\t\t\t<\/div>\n\t\t\t\t<\/div>\n\t\t\t\t<\/div>\n\t\t\t\t<\/div>\n\t\t<div class=\"elementor-element elementor-element-2644d9f e-con-full e-flex e-con e-child\" data-id=\"2644d9f\" data-element_type=\"container\" data-e-type=\"container\">\n\t\t<div class=\"elementor-element elementor-element-212a520 e-con-full e-flex e-con e-child\" data-id=\"212a520\" data-element_type=\"container\" data-e-type=\"container\" data-settings=\"{&quot;background_background&quot;:&quot;classic&quot;}\">\n\t\t\t\t<div class=\"elementor-element elementor-element-46bb108 elementor-widget elementor-widget-image\" data-id=\"46bb108\" data-element_type=\"widget\" data-e-type=\"widget\" data-widget_type=\"image.default\">\n\t\t\t\t<div class=\"elementor-widget-container\">\n\t\t\t\t\t\t\t\t\t\t\t\t\t\t\t<img loading=\"lazy\" decoding=\"async\" width=\"1024\" height=\"683\" src=\"https:\/\/www.4web-automation.de\/wp-content\/uploads\/tim-van-der-kuip-CPs2X8JYmS8-unsplash-1-1024x683.jpg\" class=\"attachment-large size-large wp-image-4755\" alt=\"\" srcset=\"https:\/\/www.4web-automation.de\/wp-content\/uploads\/tim-van-der-kuip-CPs2X8JYmS8-unsplash-1-1024x683.jpg 1024w, https:\/\/www.4web-automation.de\/wp-content\/uploads\/tim-van-der-kuip-CPs2X8JYmS8-unsplash-1-300x200.jpg 300w, https:\/\/www.4web-automation.de\/wp-content\/uploads\/tim-van-der-kuip-CPs2X8JYmS8-unsplash-1-768x512.jpg 768w, https:\/\/www.4web-automation.de\/wp-content\/uploads\/tim-van-der-kuip-CPs2X8JYmS8-unsplash-1-1536x1024.jpg 1536w, https:\/\/www.4web-automation.de\/wp-content\/uploads\/tim-van-der-kuip-CPs2X8JYmS8-unsplash-1-2048x1365.jpg 2048w\" sizes=\"(max-width: 1024px) 100vw, 1024px\" \/>\t\t\t\t\t\t\t\t\t\t\t\t\t\t\t<\/div>\n\t\t\t\t<\/div>\n\t\t\t\t<\/div>\n\t\t<div class=\"elementor-element elementor-element-adf2799 e-con-full e-flex e-con e-child\" data-id=\"adf2799\" data-element_type=\"container\" data-e-type=\"container\" data-settings=\"{&quot;background_background&quot;:&quot;classic&quot;}\">\n\t\t\t\t<div class=\"elementor-element elementor-element-2c50258 elementor-widget elementor-widget-heading\" data-id=\"2c50258\" data-element_type=\"widget\" data-e-type=\"widget\" data-widget_type=\"heading.default\">\n\t\t\t\t<div class=\"elementor-widget-container\">\n\t\t\t\t\t<h2 class=\"elementor-heading-title elementor-size-default\">Spezielle Software-Anpassungen<\/h2>\t\t\t\t<\/div>\n\t\t\t\t<\/div>\n\t\t\t\t<div class=\"elementor-element elementor-element-4a13999 elementor-widget elementor-widget-text-editor\" data-id=\"4a13999\" data-element_type=\"widget\" data-e-type=\"widget\" data-widget_type=\"text-editor.default\">\n\t\t\t\t<div class=\"elementor-widget-container\">\n\t\t\t\t\t\t\t\t\t<p>F\u00fcr viele Anwendungen sind bereits Docker, CROSS-Plattformen, FLECS etc. in unserer Hardware einbindbar. Damit sind unsere Automatisierungsl\u00f6sung flexibel erweiterbar.<\/p><p>Zudem bieten wir dar\u00fcber hinaus auch Image-Entwicklungen f\u00fcr Linux an.\u00a0<\/p>\t\t\t\t\t\t\t\t<\/div>\n\t\t\t\t<\/div>\n\t\t\t\t<\/div>\n\t\t\t\t<\/div>\n\t\t\t\t\t<\/div>\n\t\t\t\t<\/div>\n\t\t<div class=\"elementor-element elementor-element-53a3ae9 e-flex e-con-boxed e-con e-parent\" data-id=\"53a3ae9\" data-element_type=\"container\" data-e-type=\"container\" data-settings=\"{&quot;background_background&quot;:&quot;classic&quot;}\">\n\t\t\t\t\t<div class=\"e-con-inner\">\n\t\t<div class=\"elementor-element elementor-element-7cb5d95c e-con-full e-flex e-con e-child\" data-id=\"7cb5d95c\" data-element_type=\"container\" data-e-type=\"container\">\n\t\t\t\t<div class=\"elementor-element elementor-element-2d24c2f9 elementor-widget elementor-widget-heading\" data-id=\"2d24c2f9\" data-element_type=\"widget\" data-e-type=\"widget\" data-widget_type=\"heading.default\">\n\t\t\t\t<div class=\"elementor-widget-container\">\n\t\t\t\t\t<h2 class=\"elementor-heading-title elementor-size-default\">Sprechen Sie mit uns \u00fcber Ihre Ideen!<\/h2>\t\t\t\t<\/div>\n\t\t\t\t<\/div>\n\t\t\t\t<div class=\"elementor-element elementor-element-1cd492e3 elementor-widget__width-initial elementor-widget elementor-widget-text-editor\" data-id=\"1cd492e3\" data-element_type=\"widget\" data-e-type=\"widget\" data-widget_type=\"text-editor.default\">\n\t\t\t\t<div class=\"elementor-widget-container\">\n\t\t\t\t\t\t\t\t\t<p>Ihre individuellen Anforderungen sind bei uns in den besten H\u00e4nden \u2013 gemeinsam finden wir die optimale L\u00f6sung. Wir freuen uns auf Ihre Kontaktaufnahme!<\/p>\t\t\t\t\t\t\t\t<\/div>\n\t\t\t\t<\/div>\n\t\t\t\t<div class=\"elementor-element elementor-element-11c94f34 elementor-widget elementor-widget-button\" data-id=\"11c94f34\" data-element_type=\"widget\" data-e-type=\"widget\" data-widget_type=\"button.default\">\n\t\t\t\t<div class=\"elementor-widget-container\">\n\t\t\t\t\t\t\t\t\t<div class=\"elementor-button-wrapper\">\n\t\t\t\t\t<a class=\"elementor-button elementor-button-link elementor-size-sm\" href=\"mailto:info@4web-automation.de\">\n\t\t\t\t\t\t<span class=\"elementor-button-content-wrapper\">\n\t\t\t\t\t\t\t\t\t<span class=\"elementor-button-text\">Jetzt Kontakt aufnehmen!<\/span>\n\t\t\t\t\t<\/span>\n\t\t\t\t\t<\/a>\n\t\t\t\t<\/div>\n\t\t\t\t\t\t\t\t<\/div>\n\t\t\t\t<\/div>\n\t\t\t\t<\/div>\n\t\t\t\t\t<\/div>\n\t\t\t\t<\/div>\n\t\t\t\t<\/div>\n\t\t","protected":false},"excerpt":{"rendered":"<p>Was f\u00fcr ein beeindruckender 360\u00b0-Gestaltungsfreiraum ist das denn! 4WEB bietet smartes Customizing \u2013 und lebt die Produktvisionen der Kunden. Ihre W\u00fcnsche zur Individualisierung setzen wir zeitnah, flexibel und kosteneffizient um \u2013 unabh\u00e4ngig von Branche oder eingesetztem Automatisierungssystem. So erhalte Sie &hellip; <a class=\"kt-excerpt-readmore\" href=\"https:\/\/www.4web-automation.de\/index.php\/customizing\/\" aria-label=\"Customizing\">Weiterlesen<\/a><\/p>\n","protected":false},"author":2,"featured_media":0,"parent":0,"menu_order":0,"comment_status":"closed","ping_status":"closed","template":"elementor_header_footer","meta":{"footnotes":""},"class_list":["post-5557","page","type-page","status-publish","hentry"],"_links":{"self":[{"href":"https:\/\/www.4web-automation.de\/index.php\/wp-json\/wp\/v2\/pages\/5557","targetHints":{"allow":["GET"]}}],"collection":[{"href":"https:\/\/www.4web-automation.de\/index.php\/wp-json\/wp\/v2\/pages"}],"about":[{"href":"https:\/\/www.4web-automation.de\/index.php\/wp-json\/wp\/v2\/types\/page"}],"author":[{"embeddable":true,"href":"https:\/\/www.4web-automation.de\/index.php\/wp-json\/wp\/v2\/users\/2"}],"replies":[{"embeddable":true,"href":"https:\/\/www.4web-automation.de\/index.php\/wp-json\/wp\/v2\/comments?post=5557"}],"version-history":[{"count":0,"href":"https:\/\/www.4web-automation.de\/index.php\/wp-json\/wp\/v2\/pages\/5557\/revisions"}],"wp:attachment":[{"href":"https:\/\/www.4web-automation.de\/index.php\/wp-json\/wp\/v2\/media?parent=5557"}],"curies":[{"name":"wp","href":"https:\/\/api.w.org\/{rel}","templated":true}]}}